tor of 692635 and 1660.
415
What is the highest common divisor of 1577 and 3648?
19
Calculate the highest common divisor of 568 and 2248570.
142
What is the highest common factor of 85421 and 14?
7
What is the greatest common divisor of 735 and 2706711?
147
What is the greatest common factor of 57938 and 944?
118
Calculate the highest common divisor of 88 and 2104.
8
Calculate the greatest common factor of 344155 and 70.
35
Calculate the greatest common factor of 471 and 57.
3
What is the highest common factor of 15882600 and 600?
600
What is the highest common divisor of 16121 and 28?
7
What is the highest common divisor of 49437 and 27?
27
What is the highest common factor of 9129 and 19869?
537
What is the highest common divisor of 4780 and 940?
20
Calculate the greatest common divisor of 14775 and 6.
3
Calculate the highest common divisor of 10333378 and 118.
118
What is the greatest common factor of 1802 and 147658?
106
What is the greatest common divisor of 81 and 8388?
9
Calculate the highest common factor of 63 and 74991.
21
What is the greatest common divisor of 12869 and 44663?
757
Calculate the highest common divisor of 1280620 and 55.
55
What is the greatest common divisor of 8 and 3045176?
8
What is the highest common factor of 130 and 274690?
130
Calculate the greatest common divisor of 8415 and 37485.
765
What is the greatest common divisor of 651 and 666841?
217
What is the highest common factor of 4245 and 54645?
15
Calculate the greatest common divisor of 785 and 22137.
157
Calculate the highest common divisor of 52 and 20813.
13
Calculate the greatest common factor of 27200 and 221.
17
Calculate the greatest common divisor of 5520 and 3600.
240
Calculate the greatest common divisor of 1039798 and 1264.
158
What is the greatest common divisor of 227050 and 200?
50
Calculate the highest common divisor of 860 and 360770.
430
Calculate the highest common divisor of 133185 and 15.
15
What is the highest common factor of 1071 and 18547?
17
What is the highest common factor of 240 and 29620?
20
Calculate the highest common divisor of 44958 and 354.
354
Calculate the greatest common factor of 784 and 4016.
16
What is the greatest common divisor of 531 and 92748?
177
What is the highest common factor of 17836 and 805364?
1372
What is the greatest common divisor of 470 and 4780?
10
Calculate the greatest common divisor of 156 and 2447380.
52
What is the greatest common divisor of 307172 and 4346?
82
Calculate the highest common divisor of 2156 and 37184.
28
Calculate the highest common divisor of 26619 and 209.
19
What is the highest common divisor of 3208632 and 1491?
1491
What is the greatest common factor of 65880 and 4056?
24
What is the greatest common divisor of 86 and 105178?
86
Calculate the highest common factor of 5389 and 2853.
317
Calculate the greatest common divisor of 3696 and 264.
264
Calculate the highest common divisor of 100 and 21100.
100
What is the greatest common divisor of 852 and 5307676?
284
What is the greatest common divisor of 60 and 206604?
12
Calculate the greatest common factor of 188 and 650950.
94
What is the highest common divisor of 228 and 602034?
114
Calculate the highest common factor of 25 and 2530.
5
What is the highest common factor of 144 and 285104?
16
What is the highest common divisor of 1369 and 1184?
37
Calculate the highest common factor of 103224 and 482460.
2244
Calculate the highest common factor of 363 and 1805683.
121
What is the highest common divisor of 793 and 10004?
61
What is the greatest common divisor of 104797 and 77?
77
What is the highest common factor of 1854160 and 21?
7
Calculate the highest common factor of 500 and 340.
20
What is the greatest common factor of 2703855 and 1155?
1155
What is the highest common divisor of 11258 and 3250?
26
Calculate the highest common factor of 627690 and 915.
915
What is the greatest common factor of 34 and 206805?
17
What is the highest common factor of 14 and 699727?
7
What is the highest common divisor of 1231389 and 118?
59
Calculate the highest common factor of 559893 and 579.
579
What is the highest common factor of 45 and 3012945?
15
Calculate the highest common factor of 8957 and 5512.
689
Calculate the greatest common divisor of 3671 and 2.
1
What is the highest common divisor of 411318 and 2646?
54
What is the greatest common factor of 8789 and 99?
11
What is the greatest common factor of 1837 and 27889?
167
Calculate the highest common factor of 224380 and 780.
260
Calculate the greatest common divisor of 2475 and 9955.
55
What is the highest common divisor of 854 and 76174?
14
What is the greatest common divisor of 441 and 2709?
63
Calculate the greatest common divisor of 341 and 1969.
11
Calculate the greatest common divisor of 708 and 25724.
236
Calculate the highest common factor of 310 and 16660.
10
What is the highest common factor of 2280 and 1065?
15
What is the highest common divisor of 2289 and 13440?
21
Calculate the highest common factor of 8823 and 125598.
519
What is the greatest common divisor of 94942 and 148?
74
What is the highest common divisor of 122 and 2867?
61
Calculate the highest common divisor of 2035 and 6475.
185
Calculate the highest common factor of 284251 and 11.
11
What is the greatest common factor of 2186921 and 44?
11
Calculate the greatest common factor of 503526 and 30.
6
Calculate the highest common divisor of 8 and 108.
4
What is the greatest common factor of 31770 and 159909?
1059
Calculate the highest common divisor of 60 and 5830.
10
What is the greatest common divisor of 968 and 9416?
88
Calculate the highest common divisor of 2010 and 139360.
670
Calculate the highest common divisor of 7 and 200648.
7
Calculate the highest common factor of 496 and 1168.
16
Calculate the highest common divisor of 129808 and 26657.
1159
Calculate the greatest common divisor of 74 and 1083397.
37
What is the highest common divisor of 450 and 114?
6
What is the highest common divisor of 279257 and 275?
11
Calculate the highest common factor of 8 and 26116.
4
What is the greatest common divisor of 8911 and 208145?
133
Calculate the greatest common factor of 55414 and 74782.
538
Calculate the highest common factor of 405 and 25380.
135
Calculate the greatest common factor of 201 and 2823.
3
Calculate the greatest common factor of 600 and 26280.
120
Calculate the greatest common divisor of 87619 and 161.
7
What is the greatest common divisor of 9 and 3529098?
9
Calculate the highest common factor of 96 and 30480.
48
Calculate the greatest common divisor of 1050 and 327775.
175
Calculate the greatest common divisor of 12960 and 1860.
60
Calculate the highest common factor of 2299 and 165.
11
What is the greatest common factor of 3745 and 4025?
35
What is the highest common factor of 9478128 and 638?
638
Calculate the greatest common factor of 692 and 342194.
346
Calculate the greatest common divisor of 16215 and 387045.
705
What is the greatest common divisor of 14042 and 2686?
34
What is the highest common divisor of 171 and 2205729?
171
Calculate the highest common divisor of 13905 and 5445.
45
What is the highest common divisor of 7476 and 2289?
21
Calculate the greatest common factor of 2 and 22054.
2
What is the greatest common divisor of 393390 and 124?
62
What is the greatest common factor of 472 and 14848?
8
What is the greatest common factor of 3664 and 1545521?
229
What is the highest common factor of 83224 and 35432?
824
Calculate the highest common factor of 319 and 162371.
319
What is the highest common divisor of 12 and 430842?
6
Calculate the greatest common divisor of 28882636 and 356.
356
What is the greatest common factor of 115 and 97267?
23
What is the highest common divisor of 910 and 90405?
35
What is the highest common factor of 4625 and 70300?
925
Calculate the greatest common divisor of 1687833 and 1314.
657
Calculate the highest common divisor of 19 and 275519.
19
What is the greatest common factor of 18600 and 4120?
40
What is the highest common factor of 297836 and 385?
77
What is the highest common divisor of 3394 and 1?
1
Calculate the greatest common divisor of 121420 and 6500.
260
What is the greatest common divisor of 10164280 and 217?
217
What is the greatest common 